{"id":19988,"date":"2022-09-24T17:23:07","date_gmt":"2022-09-24T17:23:07","guid":{"rendered":"http:\/\/skab.com.tr\/index.php\/depolama-cozumleri-2-2-2-5\/"},"modified":"2022-09-25T04:46:18","modified_gmt":"2022-09-25T04:46:18","slug":"gumrukmusavirligi","status":"publish","type":"page","link":"https:\/\/skab.com.tr\/index.php\/hizmetler\/gumrukmusavirligi\/","title":{"rendered":"G\u00dcMR\u00dcK M\u00dc\u015eAV\u0130RL\u0130\u011e\u0130 VE DANI\u015eMANLI\u011eI"},"content":{"rendered":"\n<div class=\"wp-container-3 wp-block-columns\">\n<div class=\"wp-container-1 wp-block-column\">\n<figure class=\"wp-block-image size-full is-resized\"><img loading=\"lazy\" src=\"http:\/\/skab.com.tr\/wp-content\/uploads\/2022\/09\/GUMRUK.jpeg\" alt=\"\" class=\"wp-image-19927\" width=\"426\" height=\"295\"\/><\/figure>\n<\/div>\n\n\n\n<div class=\"wp-container-2 wp-block-column\">\n<p>SKAB, sekt\u00f6rdeki lider tecr\u00fcbesi ile d\u0131\u015f ticaret mevzuat\u0131nda dan\u0131\u015fmanl\u0131k hizmeti vermektedir. G\u00fcmr\u00fckleme ve m\u00fc\u015favirlik konular\u0131nda uzman ekibimizle sizlere d\u0131\u015f  ticaretin kap\u0131lar\u0131n\u0131 a\u00e7\u0131yoruz<\/p>\n<\/div>\n<\/div>\n","protected":false},"excerpt":{"rendered":"<p>SKAB, sekt\u00f6rdeki lider tecr\u00fcbesi ile d\u0131\u015f ticaret mevzuat\u0131nda dan\u0131\u015fmanl\u0131k hizmeti vermektedir. G\u00fcmr\u00fckleme ve m\u00fc\u015favirlik konular\u0131nda uzman ekibimizle sizlere d\u0131\u015f ticaretin kap\u0131lar\u0131n\u0131 a\u00e7\u0131yoruz<\/p>\n","protected":false},"author":1,"featured_media":0,"parent":19925,"menu_order":0,"comment_status":"closed","ping_status":"closed","template":"","meta":{"_monsterinsights_skip_tracking":false,"_monsterinsights_sitenote_active":false,"_monsterinsights_sitenote_note":"","_monsterinsights_sitenote_category":0},"aioseo_notices":[],"_links":{"self":[{"href":"https:\/\/skab.com.tr\/index.php\/wp-json\/wp\/v2\/pages\/19988"}],"collection":[{"href":"https:\/\/skab.com.tr\/index.php\/wp-json\/wp\/v2\/pages"}],"about":[{"href":"https:\/\/skab.com.tr\/index.php\/wp-json\/wp\/v2\/types\/page"}],"author":[{"embeddable":true,"href":"https:\/\/skab.com.tr\/index.php\/wp-json\/wp\/v2\/users\/1"}],"replies":[{"embeddable":true,"href":"https:\/\/skab.com.tr\/index.php\/wp-json\/wp\/v2\/comments?post=19988"}],"version-history":[{"count":2,"href":"https:\/\/skab.com.tr\/index.php\/wp-json\/wp\/v2\/pages\/19988\/revisions"}],"predecessor-version":[{"id":19992,"href":"https:\/\/skab.com.tr\/index.php\/wp-json\/wp\/v2\/pages\/19988\/revisions\/19992"}],"up":[{"embeddable":true,"href":"https:\/\/skab.com.tr\/index.php\/wp-json\/wp\/v2\/pages\/19925"}],"wp:attachment":[{"href":"https:\/\/skab.com.tr\/index.php\/wp-json\/wp\/v2\/media?parent=19988"}],"curies":[{"name":"wp","href":"https:\/\/api.w.org\/{rel}","templated":true}]}}